{"id":70,"date":"2014-05-28T04:32:58","date_gmt":"2014-05-28T02:32:58","guid":{"rendered":"http:\/\/s319892662.online.de\/bg\/?page_id=70"},"modified":"2014-09-23T12:42:51","modified_gmt":"2014-09-23T10:42:51","slug":"impressum","status":"publish","type":"page","link":"https:\/\/baugenossenschaft-kitzingen.de\/?page_id=70","title":{"rendered":"Impressum"},"content":{"rendered":"<p style=\"margin: 0px;\">Baugenossenschaft f\u00fcr den Landkreis Kitzingen eG<\/p>\n<p style=\"margin: 0px;\">Bismarckstrasse 3a<\/p>\n<p style=\"margin: 0px;\">97318 Kitzingen<\/p>\n<p><\/br><\/p>\n<p style=\"margin: 0px;\">Telefon: 09321 \/ 50 98<\/p>\n<p style=\"margin: 0px;\">Fax: 09321 \/ 23 202<\/p>\n<p><\/br><\/p>\n<p style=\"margin: 0px;\">Email: info@baugenossenschaft-kitzingen.de<\/p>\n<p style=\"margin: 0px;\">Web: www.baugenossenschaft-kitzingen.de<\/p>\n<p>&nbsp;<\/p>\n<p>Eingetragen im Genossenschaftsregister am Amtsgericht W\u00fcrzburg unter GnR 76<\/p>\n<p>&nbsp;<\/p>\n<p>Finanzamt W\u00fcrzburg Steuernr. 257\/106\/20116<\/p>\n<p>&nbsp;<\/p>\n<p style=\"margin: 0px;\"><b>Pr\u00fcfungsverband:<\/b><\/p>\n<p style=\"margin: 0px;\">Verband bayerischer<\/p>\n<p style=\"margin: 0px;\">Wohnungsunternehmen<br \/>\nStollbergstrasse 7<br \/>\n80539 M\u00fcnchen<\/p>\n<p><\/br><\/p>\n<p class=\"bodytext\" style=\"margin: 0px;\">Haftungshinweis:<\/p>\n<p style=\"margin: 0px;\">Trotz sorgf\u00e4ltiger inhaltlicher Kontrolle \u00fcbernehmen wir keine Haftung f\u00fcr die Inhalte externer Links. <\/br>F\u00fcr den Inhalt der verlinkten Seiten sind ausschlie\u00dflich deren Betreiber verantwortlich.<\/p>\n<p><\/br><\/br><\/p>\n<p style=\"margin: 0px;\">Inhaber der Homepage:<\/p>\n<p style=\"margin: 0px;\">Autor und Herausgeber ist die Baugenossenschaft f\u00fcr den Landkreis Kitzingen eG. Alle Rechte vorbehalten.<\/p>\n<p>&nbsp;<\/p>\n","protected":false},"excerpt":{"rendered":"<p>Baugenossenschaft f\u00fcr den Landkreis Kitzingen eG Bismarckstrasse 3a 97318 Kitzingen Telefon: 09321 \/ 50 98 Fax: 09321 \/ 23 202 Email: info@baugenossenschaft-kitzingen.de Web: www.baugenossenschaft-kitzingen.de &nbsp; Eingetragen im Genossenschaftsregister am Amtsgericht W\u00fcrzburg unter GnR 76 &nbsp; Finanzamt W\u00fcrzburg Steuernr. 257\/106\/20116 &nbsp; Pr\u00fcfungsverband: Verband bayerischer Wohnungsunternehmen Stollbergstrasse 7 80539 M\u00fcnchen Haftungshinweis: Trotz sorgf\u00e4ltiger inhaltlicher Kontrolle \u00fcbernehmen wir&#8230;<\/p>\n","protected":false},"author":1,"featured_media":0,"parent":0,"menu_order":0,"comment_status":"closed","ping_status":"closed","template":"","meta":[],"_links":{"self":[{"href":"https:\/\/baugenossenschaft-kitzingen.de\/index.php?rest_route=\/wp\/v2\/pages\/70"}],"collection":[{"href":"https:\/\/baugenossenschaft-kitzingen.de\/index.php?rest_route=\/wp\/v2\/pages"}],"about":[{"href":"https:\/\/baugenossenschaft-kitzingen.de\/index.php?rest_route=\/wp\/v2\/types\/page"}],"author":[{"embeddable":true,"href":"https:\/\/baugenossenschaft-kitzingen.de\/index.php?rest_route=\/wp\/v2\/users\/1"}],"replies":[{"embeddable":true,"href":"https:\/\/baugenossenschaft-kitzingen.de\/index.php?rest_route=%2Fwp%2Fv2%2Fcomments&post=70"}],"version-history":[{"count":17,"href":"https:\/\/baugenossenschaft-kitzingen.de\/index.php?rest_route=\/wp\/v2\/pages\/70\/revisions"}],"predecessor-version":[{"id":109,"href":"https:\/\/baugenossenschaft-kitzingen.de\/index.php?rest_route=\/wp\/v2\/pages\/70\/revisions\/109"}],"wp:attachment":[{"href":"https:\/\/baugenossenschaft-kitzingen.de\/index.php?rest_route=%2Fwp%2Fv2%2Fmedia&parent=70"}],"curies":[{"name":"wp","href":"https:\/\/api.w.org\/{rel}","templated":true}]}}